4*f - 2*w - 1364. Calculate the greatest common divisor of 31 and f.
31
Let m = -362 - -345. Let h be (-3)/2 + (5967/(-18))/m. What is the greatest common factor of 27 and h?
9
Let w(u) = 1 - 10*u**2 - 8*u + 11*u**2 + 6. Let q be w(0). Calculate the greatest common factor of q and 7.
7
Suppose -4*s + 178 = 3*a, -s - 497 = -4*a - 228. Let y = 52 - 94. Let b = y + a. What is the highest common divisor of 40 and b?
8
Suppose -104*r + 121138 = -26122 - 46388. Calculate the highest common factor of r and 57.
19
Suppose 0 = 598*g - 593*g + 5*c - 150, -5*g = 4*c - 156. What is the highest common factor of 1206 and g?
18
Let y = 12 - 8. Let d be (-1)/y - 418/(-8). Let k(r) = -531*r - 932. Let u be k(-2). Calculate the greatest common divisor of u and d.
26
Let s = -1726 + 3436. Suppose 0*l + 124 = d - 2*l, 0 = -5*d - l + 565. What is the highest common factor of d and s?
114
Suppose 54 = -5*v + 11*v. Let l = 42 - v. What is the greatest common factor of l and 9?
3
Suppose 0 = 3*h - 3*y + 8 - 32, -3*y = -5*h + 32. Suppose h + 0 = 2*z. Suppose 0*d - 38*d - 279 = -811. What is the highest common divisor of z and d?
2
Let v = 9594 + 11084. Calculate the greatest common divisor of v and 98.
98
Let t(l) = l**3 + 21*l**2 + 12*l - 7. Let a be t(-3). What is the highest common factor of a and 896?
7
Suppose 4*k - 5*k + 52 = 0. Let y(d) = -d**2 - 4*d + 2. Let b be y(0). Let c be b*(7/2 - -3). What is the highest common factor of k and c?
13
Let i(r) = r**3 + 67*r**2 - 304*r - 1410. Let j be i(-71). Calculate the greatest common factor of j and 8380.
10
Suppose q + 8*o - 115 = 3*o, q = -o + 95. Suppose 3*h - 360 = -h + 5*p, -h + 3*p = -q. What is the greatest common factor of 36 and h?
18
Let m(n) = -1407*n + 225. Let z be m(-1). Calculate the greatest common factor of z and 60.
12
Suppose 320 = -16*u + 3328. What is the highest common divisor of u and 611?
47
Suppose 0 = -n - 4*x + 40, -3*n + 7*n + 4*x - 184 = 0. Suppose n*p - 8424 = 22*p. Calculate the highest common factor of 36 and p.
36
Let k(d) = -d**3 + 17*d**2 - 63*d + 1117. Let c be k(16). Calculate the greatest common factor of 3869 and c.
73
Suppose 50 = 2*i - 76. Suppose -268 = -4*x + 4*s, 0 = -70*x + 66*x + 3*s + 264. What is the greatest common factor of x and i?
63
Let u(s) = 385*s - 7601. Let w be u(20). Let t = -17 + 39. Calculate the highest common factor of t and w.
11
Let p(t) = 3*t**3 + 14*t**2 - 25*t - 65. Let l be p(-5). Suppose -u = 3*u - 980. What is the greatest common factor of u and l?
35
Let w(y) = -y**3 - 66*y**2 - 197*y - 273. Let t be w(-63). What is the greatest common divisor of 132 and t?
33
Let n be 5/((-5)/(-64)) - (-36 - -42). What is the greatest common divisor of 3538 and n?
58
Let d be 0 - (-38 + ((-24)/3)/(-4)). Let c(y) = -75*y + 489. Let x be c(4). What is the highest common factor of x and d?
9
Let x(a) = a**3 + 6*a**2 + 3. Let o be x(-6). Suppose 32 + o = m. Calculate the greatest common divisor of 30 and m.
5
Let r(i) = i**3 + 2*i**2 - 16*i - 9. Let d be r(7). Suppose 15*n - d = -80. Let l = 149 + 27. What is the highest common divisor of n and l?
16
Let j be (30/(-9))/((-2)/54). Let b be (-17 + 4 + -5)*-3. Let i be b/(-1)*(-8 + (-42)/(-6)). What is the highest common factor of i and j?
18
Let o be 91 + 0/(-2) + 2. Suppose -9*u - 2817 - 3231 = 0. Let f = u + 734. Calculate the greatest common factor of f and o.
31
Let w be ((-202)/4)/((-9)/54). Let m = w + -183. Suppose -32 + 7 = 5*t, 5*y - m = 2*t. Calculate the greatest common factor of y and 2.
2
Suppose 0 = -5*f - 77 + 2. Let k = f - -134. Suppose -10*a - 51 = -13*a. What is the greatest common divisor of a and k?
17
Let f(r) = -r**3 + 19*r**2 - 23*r + 93. Let l be f(18). Suppose -g = -6*k - 614, -4*g - 2*k = -l*g - 622. What is the highest common divisor of g and 20?
20
Let v(i) = 135*i**3 - 2*i**2 - 2*i + 4. Let q be v(2). Calculate the greatest common factor of 128 and q.
16
Suppose 323*p - 1235 = 76*p. Suppose -3*y + x + 14 = 0, 18 = 4*y - 2*x - 0. Calculate the highest common factor of p and y.
5
Suppose -d - 3123 = -p - 7949, -3*p + 4834 = d. Calculate the greatest common divisor of 68 and d.
68
Suppose 0 = 288*s + 232*s - 26000. Suppose 0 = 6*n - 487 + 7. What is the greatest common divisor of s and n?
10
Let u(d) = -28*d + 425. Let m be u(11). Suppose 2*q - 5*o + m = 397, -5*q - 2*o + 758 = 0. What is the greatest common divisor of 200 and q?
50
Let y be (2/3)/(10/1620). Let g = -78 + y. Suppose -g = 3*d - 4*d. Calculate the greatest common factor of d and 6.
6
Let z = 244 + -163. Let n(b) = -2*b**2 - 32*b - 160. Let l be n(-7). Let j = l + z. Calculate the highest common factor of j and 47.
47
Suppose -4*j + 2*s + 17560 = 0, 11*j + 3*s = 7*j + 17560. What is the greatest common factor of j and 10?
10
Let l(t) = 5*t**2 - 18*t + 19. Let n be l(9). Let z = n + -246. What is the highest common divisor of z and 4?
4
Let q(f) = f**2 - 6*f + 107. Let k be q(10). What is the highest common divisor of k and 336?
21
Let l be (-18 - (5 + -7)*11)/(1/23). What is the greatest common factor of l and 7728?
92
Suppose -28664 = -23*u - 7918. What is the highest common factor of u and 66?
22
Suppose -17*a + 30*a + 975 = 38*a. Calculate the greatest common factor of 198 and a.
3
Suppose -1572 = 533*a - 535*a + 3*j, 0 = 3*a + 5*j - 2320. What is the greatest common factor of 150 and a?
30
Let h(d) = -d**3 - 17*d**2 + 19*d + 70. Let o be h(-14). Let m = o - -808. Let p be (0 - -3)/((-1)/(-2)). What is the highest common divisor of m and p?
6
Let i(x) = -2720*x**3 - x**2 - 313*x - 312. Let d be i(-1). Calculate the greatest common divisor of d and 1530.
170
Suppose 245*c = 283*c - 67260. Calculate the greatest common factor of c and 177.
177
Let u = 7008 - 6952. What is the greatest common divisor of u and 8?
8
Suppose 96 - 56 = 10*a. Suppose -k - 2*d = a - 20, k = 5*d + 44. What is the greatest common factor of k and 8?
8
Suppose -3*w = 5*f - 8345, 2*w + 20*f - 17*f = 5563. Calculate the greatest common divisor of 20 and w.
20
Let o be (-1 - 1)*(-2 - 4/8). Suppose 1325 = o*x - 4*h, -h = -3*x + 715 + 73. Let p = -4 - -33. Calculate the greatest common divisor of p and x.
29
Let n = -719 + 725. Suppose -2*u + n = 0, -u + 94 = 2*m - 3*u. What is the greatest common divisor of 200 and m?
50
Let v = -55 - -55. Suppose 7*z + 3*z - 150 = v. What is the greatest common factor of z and 20?
5
Let h be (3/2)/(39/52). Suppose h*p + 499 = 3*w, w + 8*p = 9*p + 167. What is the highest common divisor of 15 and w?
15
Let k = -105 + 155. Let l be 4549/26 + (-1004)/(-26104). Calculate the greatest common divisor of k and l.
25
Let p(b) = -23*b + 1486. Let d be p(29). Calculate the greatest common divisor of 63 and d.
63
Suppose 0 = 3*d + n - 4, -2 + 18 = 4*n. Suppose d*l - 4*l = -96. Calculate the highest common factor of 108 and l.
12
Suppose 2*p + 49 = 5*c, -3*c = 2*c + 5*p - 70. Let l(m) = -5*m + 27. Let f be l(0). Suppose f = 8*h + 19. Calculate the greatest common factor of h and c.
1
Let k be ((-36)/(81/(-9)))/(1*2). Suppose k*q + q - 12 = 0. What is the highest common divisor of 92 and q?
4
Let q(k) = k**3 + 10*k**2 + 1. Let b be q(-9). Let y = b + -72. What is the greatest common factor of y and 220?
10
Let m(f) = -4*f**2 + 48*f - 32. Let l be m(4). What is the highest common factor of 216 and l?
24
Let i = 14191 - 7266. Calculate the highest common factor of 25 and i.
25
Let i = 230 + -50. Suppose 2*a = s - 15 + 362, 4*a + 2*s = 706. Let k = a + -165. What is the highest common divisor of k and i?
10
Let h be 33/6*(-21 + 9 - -14). What is the highest common factor of 6358 and h?
11
Let r = -208 - -206. Let m be ((-3 - r) + 18)/1. What is the highest common factor of 204 and m?
17
Let n be 327/12 - (-2)/(-8). Let d be (-4)/(-26) + n/((-1053)/(-16764)). What is the greatest common factor of d and 10?
10
Suppose 7*c = 34*c - 3447 + 369. What is the greatest common factor of c and 72?
6
Suppose -11*v + 5385 + 775 = 0. What is the greatest common factor of v and 60?
20
Let l = 982 + -2024. Let a = -923 - l. Let g = 29 + -12. What is the greatest common divisor of a and g?
17
Suppose -26*s + 29*s = 432. Suppose 0 = -2*v + 4*v - s. Suppose 5*d - 36 = d. What is the greatest common divisor of v and d?
9
Let v be 10/8*(-174)/435*-4*31. 